?
449
Calculate the remainder when 305844 is divided by 16991.
6
What is the remainder when 5378 is divided by 1330?
58
Calculate the remainder when 3698 is divided by 114.
50
Calculate the remainder when 104218 is divided by 2423.
29
What is the remainder when 95067 is divided by 573?
522
What is the remainder when 7191 is divided by 1784?
55
What is the remainder when 233394 is divided by 718?
44
Calculate the remainder when 16477 is divided by 403.
357
What is the remainder when 533 is divided by 82?
41
Calculate the remainder when 17764 is divided by 639.
511
What is the remainder when 108871 is divided by 2016?
7
What is the remainder when 722677 is divided by 78?
7
What is the remainder when 16139 is divided by 3970?
259
Calculate the remainder when 6930 is divided by 243.
126
Calculate the remainder when 3854 is divided by 19.
16
What is the remainder when 9462 is divided by 2?
0
Calculate the remainder when 1015 is divided by 355.
305
Calculate the remainder when 8142230 is divided by 41.
40
Calculate the remainder when 9401 is divided by 3051.
248
Calculate the remainder when 10092 is divided by 2909.
1365
What is the remainder when 5931 is divided by 27?
18
What is the remainder when 123728 is divided by 63?
59
Calculate the remainder when 2853 is divided by 356.
5
What is the remainder when 1131 is divided by 1055?
76
What is the remainder when 3455 is divided by 1127?
74
What is the remainder when 289618 is divided by 144802?
14
What is the remainder when 1485247 is divided by 23?
22
What is the remainder when 1974 is divided by 17?
2
What is the remainder when 4063 is divided by 171?
130
Calculate the remainder when 19530 is divided by 134.
100
What is the remainder when 137339 is divided by 109?
108
Calculate the remainder when 8890631 is divided by 776.
775
What is the remainder when 10702 is divided by 352?
142
What is the remainder when 24267 is divided by 12131?
5
What is the remainder when 550 is divided by 432?
118
Calculate the remainder when 20223 is divided by 71.
59
Calculate the remainder when 94406 is divided by 5900.
6
What is the remainder when 3153 is divided by 692?
385
Calculate the remainder when 506477 is divided by 63.
20
Calculate the remainder when 645 is divided by 533.
112
What is the remainder when 2316 is divided by 1047?
222
What is the remainder when 35393 is divided by 51?
50
Calculate the remainder when 78781 is divided by 58.
17
What is the remainder when 225628 is divided by 10?
8
What is the remainder when 23347 is divided by 278?
273
Calculate the remainder when 20930 is divided by 276.
230
What is the remainder when 21629 is divided by 2159?
39
Calculate the remainder when 1164 is divided by 98.
86
Calculate the remainder when 150654 is divided by 155.
149
Calculate the remainder when 44353 is divided by 22162.
29
What is the remainder when 78864 is divided by 207?
204
Calculate the remainder when 251999 is divided by 21.
20
What is the remainder when 17506 is divided by 61?
60
Calculate the remainder when 10524 is divided by 14.
10
Calculate the remainder when 7898 is divided by 713.
55
What is the remainder when 1423 is divided by 283?
8
What is the remainder when 11675 is divided by 247?
66
What is the remainder when 4213436 is divided by 1216?
1212
Calculate the remainder when 186069 is divided by 75.
69
Calculate the remainder when 1472922 is divided by 490974.
0
Calculate the remainder when 68518 is divided by 40.
38
Calculate the remainder when 1014 is divided by 14.
6
Calculate the remainder when 32655 is divided by 23.
18
What is the remainder when 1320959 is divided by 645?
644
What is the remainder when 47018 is divided by 57?
50
What is the remainder when 241099 is divided by 77?
12
Calculate the remainder when 451 is divided by 188.
75
What is the remainder when 50336 is divided by 210?
146
Calculate the remainder when 24225 is divided by 35.
5
What is the remainder when 29928 is divided by 29883?
45
What is the remainder when 4865 is divided by 55?
25
What is the remainder when 60254 is divided by 195?
194
What is the remainder when 120417 is divided by 27?
24
Calculate the remainder when 102391 is divided by 34076.
163
What is the remainder when 120988 is divided by 10081?
16
What is the remainder when 546948 is divided by 273469?
10
What is the remainder when 13867 is divided by 289?
284
What is the remainder when 55213 is divided by 493?
490
Calculate the remainder when 21514 is divided by 391.
9
What is the remainder when 6701 is divided by 424?
341
Calculate the remainder when 1439 is divided by 255.
164
Calculate the remainder when 39561 is divided by 898.
49
Calculate the remainder when 1764391 is divided by 59.
55
What is the remainder when 843643 is divided by 274?
271
Calculate the remainder when 712808 is divided by 85.
83
Calculate the remainder when 703134 is divided by 1168.
1166
What is the remainder when 1949 is divided by 680?
589
What is the remainder when 7050 is divided by 89?
19
Calculate the remainder when 256252 is divided by 13.
9
Calculate the remainder when 145821 is divided by 112.
109
Calculate the remainder when 9413 is divided by 4547.
319
What is the remainder when 19016 is divided by 40?
16
Calculate the remainder when 4452 is divided by 24.
12
Calculate the remainder when 15661 is divided by 2609.
7
Calculate the remainder when 504041 is divided by 468.
5
Calculate the remainder when 187 is divided by 69.
49
What is the remainder when 295872 is divided by 100?
72
What is the remainder when 3220 is divided by 983?
271
What is the remainder when 33073 is divided by 245?
243
What is the remainder when 152587 is divided by 73?
17
What is the remainder when 1305 is divided by 1226?
79
Calculate the remainder when 232331 is divided by 483.
8
What is the remainder when 13988 is divided by 699?
8
What is the remainder when 57324 is divided by 4?
0
Calculate the remainder when 349798 is divided by 275.
273
What is the remainder when 44056 is divided by 306?
298
What is the remainder when 33928 is divided by 2814?
160
Calculate the remainder when 47348 is divided by 19.
0
Calculate the remainder when 41724 is divided by 1344.
60
What is the remainder when 14892 is divided by 304?
300
Calculate the remainder when 23026 is divided by 49.
45
What is the remainder when 14523 is divided by 4833?
24
What is the remainder when 1085 is divided by 478?
129
Calculate the remainder when 8952 is divided by 1790.
2
Calculate the remainder when 349617 is divided by 174802.
13
What is the remainder when 53107 is divided by 10609?
62
What is the remainder when 1098 is divided by 159?
144
Calculate the remainder when 29955 is divided by 7477.
47
What is the remainder when 15284 is divided by 228?
8
Calculate the remainder when 117135 is divided by 144.
63
Calculate the remainder when 544195 is divided by 759.
751
Calculate the remainder when 13598 is divided by 850.
848
What is the remainder when 4010 is divided by 666?
14
What is the remainder when 9175036 is divided by 111?
109
Calculate the remainder when 1610 is divided by 204.
182
What is the remainder when 359 is divided by 138?
83
What is the remainder when 200161 is divided by 28593?
10
Calculate the remainder when 40490 is divided by 23.
10
Calculate the remainder when 853 is divided by 852.
1
What is the remainder when 26203 is divided by 1757?
1605
What is the remainder when 3149434 is divided by 229?
226
Calculate the remainder when 78174 is divided by 6.
0
Calculate the remainder when 3479 is divided by 89.
8
Calculate the remainder when 13962 is divided by 21.
18
What is the remainder when 10180 is divided by 2487?
232
Calculate the remainder when 533279 is divided by 39.
32
What is the remainder when 22264 is divided by 74?
64
Calculate the remainder when 25049 is divided by 8340.
29
What is the remainder when 3188721 is divided by 476?
473
Calculate the remainder when 150302 is divided by 152.
126
Calculate the remainder when 115775 is divided by 38584.
23
Calculate the remainder when 8097 is divided by 73.
67
What is the remainder when 1327 is divided by 1304?
23
What is the remainder when 1943118 is divided by 428?
426
What is the remainder when 1268 is divided by 407?
47
What is the remainder when 3853